{"id":191,"date":"2018-05-14T13:51:48","date_gmt":"2018-05-14T11:51:48","guid":{"rendered":"http:\/\/www.osteopathie-ulm.de\/?page_id=191"},"modified":"2018-05-14T14:04:43","modified_gmt":"2018-05-14T12:04:43","slug":"datenschutz-patient","status":"publish","type":"page","link":"https:\/\/www.osteopathie-ulm.de\/?page_id=191","title":{"rendered":"Datenschutz Patient"},"content":{"rendered":"<p>Dies ist ein einfaches Muster zur Erf\u00fcllung der Informationspflichten, die sich bei<br \/>\nBeginn der Behandlung eines neuen Patienten aus Art 9, Art. 13 und 14 DSGVO<br \/>\nergeben.<br \/>\nHinweise zur Datenverarbeitung<br \/>\nSehr geehrter Patient,<br \/>\nwir sind verpflichtet, Sie umfassend \u00fcber den Umfang und den Zweck der hier erhobenen<br \/>\nDaten und Ihre damit verbundenen Rechte zu informieren.<br \/>\nDiese Hinweise zur Datenverarbeitung gelten f\u00fcr die Datenverarbeitung durch die<br \/>\nNaturheilpraxis Mustermann<br \/>\n1. Name und Kontaktdaten des f\u00fcr die Verarbeitung Verantwortlichen<br \/>\n[sowie des betrieblichen Datenschutzbeauftragten]<br \/>\nVerantwortlicher: Heilpraktiker Max Mustermann, Adresse, Email, Telefon, Fax<br \/>\n[Der betriebliche Datenschutzbeauftragte von Max Mustermann ist unter der o.g. Anschrift,<br \/>\nzu Hd. Herrn XYZ, beziehungsweise unter E-Mail-Adresse erreichbar.]<br \/>\n2. Erhebung und Speicherung personenbezogener Daten sowie Art und Zweck und<br \/>\nderen Verwendung<br \/>\nDie Erhebung und Nutzung Ihrer Daten erfolgt streng nach den Vorgaben des<br \/>\nBundesdatenschutzgesetzes (BDSG) sowie der Datenschutz Grundverordnung (DSGVO).<br \/>\nWenn Sie als Patient zu uns kommen, erheben wir folgende Informationen:<br \/>\n\uf0b7 Anrede, Vorname, Nachname,<br \/>\n\uf0b7 Anschrift,<br \/>\n\uf0b7 Telefonnummer (Festnetz und\/oder Mobilfunk)<br \/>\n\uf0b7 ggf. eine E-Mail-Adresse,<br \/>\n\uf0b7 Informationen, die f\u00fcr die Durchf\u00fchrung der Behandlung notwendig sind,<br \/>\n\uf0b7 insbesondere Gesundheitsdaten,<br \/>\n\uf0b7 ggf. genetische Daten, ggf. im Rahmen der Anamnese Daten aus denen die<br \/>\nrassische und ethnische Herkunft, politische Meinungen, religi\u00f6se oder<br \/>\nweltanschauliche \u00dcberzeugungen hervorgehen sowie \u2013 sofern im Rahmen der<br \/>\nBehandlung oder zur Diagnose notwendig \u2013 Daten zum Sexualleben oder der<br \/>\nsexuellen Orientierung<br \/>\nDie Erhebung dieser Daten erfolgt,<br \/>\n\uf0b7 um Sie als Patient identifizieren zu k\u00f6nnen;<br \/>\n\uf0b7 um eine Diagnose stellen zu k\u00f6nnen;<br \/>\n\uf0b7 um Sie angemessen behandeln und beraten zu k\u00f6nnen;<br \/>\n\uf0b7 zur Korrespondenz mit Ihnen;<br \/>\n\uf0b7 zur Rechnungsstellung;<br \/>\n\uf0b7 zur Abwicklung von evtl. vorliegenden Haftungsanspr\u00fcchen sowie der<br \/>\nGeltendmachung etwaiger Anspr\u00fcche aus dem Behandlungsvertrag<br \/>\nDie Datenverarbeitung erfolgt auf Ihre Veranlassung als Patient hin und ist nach Art. 6 Abs. 1<br \/>\nS. 1 lit. b und Art. 9 Abs. 2 lit. a und h DSGVO zu den genannten Zwecken f\u00fcr die Diagnose<br \/>\nund die angemessene Behandlung und f\u00fcr die beidseitige Erf\u00fcllung von Verpflichtungen aus<br \/>\ndem Behandlungsvertrag erforderlich.<br \/>\nDie von uns erhobenen personenbezogenen Daten und Behandlungsunterlagen werden 10<br \/>\nJahre nach Abschluss der Behandlung aufbewahrt, gespeichert und danach gel\u00f6scht und<br \/>\nvernichtet es sei denn, dass Sie in eine dar\u00fcber hinausgehende Speicherung ausdr\u00fccklich<br \/>\nund freiwillig einwilligen.<br \/>\nDie 10 j\u00e4hrige Aufbewahrungsfrist ergibt sich gem\u00e4\u00df den ethischen Richtlinien der<br \/>\nHeilpraktikerverb\u00e4nde in Anlehnung an die gesetzliche Aufbewahrungsfrist der \u00c4rzte.<br \/>\nDie Daten werden grunds\u00e4tzlich nur durch den Praxisinhaber und dessen Angestellte<br \/>\neingesehen und verarbeitet. Alle Angestellten sind zur Verschwiegenheit verpflichtet.<br \/>\n3. Weitergabe von Daten an Dritte<br \/>\nEine \u00dcbermittlung Ihrer pers\u00f6nlichen Daten an Dritte zu anderen als den im Folgenden<br \/>\naufgef\u00fchrten Zwecken findet nicht statt.<br \/>\nSoweit dies nach Art. 6 Abs. 1 S. 1 lit. b DSGVO f\u00fcr die Abwicklung von dem<br \/>\nBehandlungsvertrag mit Ihnen erforderlich ist, werden Ihre personenbezogenen Daten an<br \/>\nDritte weitergegeben. Hierzu geh\u00f6rt insbesondere die Weitergabe an Labore oder \u00c4rzte f\u00fcr<br \/>\nweitere Untersuchungen sowie an Ihren Krankenversicherer f\u00fcr die Abrechnung. Im Falle<br \/>\nrechtlicher Auseinandersetzungen (Bspw. Haftungsfragen oder Forderungsstreitigkeiten)<br \/>\nk\u00f6nnen die daf\u00fcr notwendigen Daten an entsprechende Berufstr\u00e4ger, Gerichte und<br \/>\nVersicherungen weitergegeben werden.<br \/>\nDie weitergegebenen Daten d\u00fcrfen von den Dritten ausschlie\u00dflich zu den genannten<br \/>\nZwecken verwendet werden.<br \/>\nDie sich aus dem Behandlungsvertrag ergebende Schweigepflicht bleibt unber\u00fchrt. Soweit<br \/>\nes sich um Daten handelt, die der Schweigepflicht unterliegen, erfolgt eine Weitergabe an<br \/>\nDritte nur in Absprache mit Ihnen.<br \/>\n4. Ihre Rechte als Betroffener<br \/>\nSie haben das Recht:<br \/>\n\uf0b7 gem\u00e4\u00df Art. 7 Abs. 3 DSGVO Ihre einmal erteilte Einwilligung jederzeit gegen\u00fcber uns<br \/>\nzu widerrufen. Dies hat zur Folge, dass wir die Datenverarbeitung, die auf dieser<br \/>\nEinwilligung beruhte, f\u00fcr die Zukunft nicht mehr fortf\u00fchren d\u00fcrfen; Dies kann zur<br \/>\nBeendigung der Behandlung f\u00fchren.<br \/>\n\uf0b7 gem\u00e4\u00df Art. 15 DSGVO Auskunft \u00fcber Ihre von uns verarbeiteten<br \/>\npersonenbezogenen Daten zu verlangen. Insbesondere k\u00f6nnen Sie Auskunft \u00fcber<br \/>\ndie Verarbeitungszwecke, die Kategorie der personenbezogenen Daten, die<br \/>\nKategorien von Empf\u00e4ngern, gegen\u00fcber denen Ihre Daten offengelegt wurden oder<br \/>\nwerden, die geplante Speicherdauer, das Bestehen eines Rechts auf Berichtigung,<br \/>\nL\u00f6schung, Einschr\u00e4nkung der Verarbeitung oder Widerspruch, das Bestehen eines<br \/>\nBeschwerderechts, die Herkunft ihrer Daten, sofern diese nicht bei uns erhoben<br \/>\nwurden, sowie \u00fcber das Bestehen einer automatisierten Entscheidungsfindung<br \/>\neinschlie\u00dflich Profiling und ggf. aussagekr\u00e4ftigen Informationen zu deren<br \/>\nEinzelheiten verlangen;<br \/>\n\uf0b7 gem\u00e4\u00df Art. 16 DSGVO unverz\u00fcglich die Berichtigung unrichtiger oder<br \/>\nVervollst\u00e4ndigung Ihrer bei uns gespeicherten personenbezogenen Daten zu<br \/>\nverlangen;<br \/>\n\uf0b7 gem\u00e4\u00df Art. 17 DSGVO die L\u00f6schung Ihrer bei uns gespeicherten<br \/>\npersonenbezogenen Daten zu verlangen, soweit nicht die Verarbeitung zur Aus\u00fcbung<br \/>\ndes Rechts auf freie Meinungs\u00e4u\u00dferung und Information, zur Erf\u00fcllung einer<br \/>\nrechtlichen Verpflichtung, aus Gr\u00fcnden des \u00f6ffentlichen Interesses oder zur<br \/>\nGeltendmachung, Aus\u00fcbung oder Verteidigung von Rechtsanspr\u00fcchen erforderlich<br \/>\nist;<br \/>\n\uf0b7 gem\u00e4\u00df Art. 18 DSGVO die Einschr\u00e4nkung der Verarbeitung Ihrer<br \/>\npersonenbezogenen Daten zu verlangen, soweit die Richtigkeit der Daten von Ihnen<br \/>\nbestritten wird, die Verarbeitung unrechtm\u00e4\u00dfig ist, Sie aber deren L\u00f6schung ablehnen<br \/>\nund wir die Daten nicht mehr ben\u00f6tigen, Sie jedoch diese zur Geltendmachung,<br \/>\nAus\u00fcbung oder Verteidigung von Rechtsanspr\u00fcchen ben\u00f6tigen oder Sie gem\u00e4\u00df<br \/>\nArt. 21 DSGVO Widerspruch gegen die Verarbeitung eingelegt haben;<br \/>\n\uf0b7 gem\u00e4\u00df Art. 20 DSGVO Ihre personenbezogenen Daten, die Sie uns bereitgestellt<br \/>\nhaben, in einem strukturierten, g\u00e4ngigen und maschinenlesebaren Format zu<br \/>\nerhalten oder die \u00dcbermittlung an einen anderen Verantwortlichen zu verlangen und<br \/>\n\uf0b7 gem\u00e4\u00df Art. 77 DSGVO sich bei einer Aufsichtsbeh\u00f6rde zu beschweren. In der Regel<br \/>\nk\u00f6nnen Sie sich hierf\u00fcr an die Aufsichtsbeh\u00f6rde Ihres \u00fcblichen Aufenthaltsortes oder<br \/>\nunseres Praxissitzess wenden.<br \/>\n5. Widerspruchsrecht<br \/>\nSofern Ihre personenbezogenen Daten auf Grundlage von berechtigten Interessen gem\u00e4\u00df<br \/>\nArt. 6 Abs. 1 S. 1 lit. f DSGVO verarbeitet werden, haben Sie das Recht, gem\u00e4\u00df Art. 21<br \/>\nDSGVO Widerspruch gegen die Verarbeitung Ihrer personenbezogenen Daten einzulegen,<br \/>\nsoweit daf\u00fcr Gr\u00fcnde vorliegen, die sich aus Ihrer besonderen Situation ergeben.<br \/>\nM\u00f6chten Sie von Ihrem Widerspruchsrecht Gebrauch machen, gen\u00fcgt eine E-Mail an uns.<br \/>\n6. Einwilligung<br \/>\nIch habe die vorstehenden Hinweise zur Kenntnis genommen und willige in die Erhebung<br \/>\nund Speicherung meiner Daten in diesem Umfang ein. Mir ist bewusst, dass ich diese<br \/>\nEinwilligung freiwillig gebe.<br \/>\n_________________________ __________________________<br \/>\nOrt, Datum Unterschrift<\/p>\n","protected":false},"excerpt":{"rendered":"<p>Dies ist ein einfaches Muster zur Erf\u00fcllung der Informationspflichten, die sich bei Beginn der Behandlung eines neuen Patienten aus Art 9, Art. 13 und 14 DSGVO ergeben. Hinweise zur Datenverarbeitung Sehr geehrter Patient, wir sind verpflichtet, Sie umfassend \u00fcber den Umfang und den Zweck der hier erhobenen Daten und Ihre damit verbundenen Rechte zu informieren. Diese Hinweise zur Datenverarbeitung gelten [&hellip;]<\/p>\n","protected":false},"author":1,"featured_media":0,"parent":0,"menu_order":0,"comment_status":"closed","ping_status":"closed","template":"","meta":[],"_links":{"self":[{"href":"https:\/\/www.osteopathie-ulm.de\/index.php?rest_route=\/wp\/v2\/pages\/191"}],"collection":[{"href":"https:\/\/www.osteopathie-ulm.de\/index.php?rest_route=\/wp\/v2\/pages"}],"about":[{"href":"https:\/\/www.osteopathie-ulm.de\/index.php?rest_route=\/wp\/v2\/types\/page"}],"author":[{"embeddable":true,"href":"https:\/\/www.osteopathie-ulm.de\/index.php?rest_route=\/wp\/v2\/users\/1"}],"replies":[{"embeddable":true,"href":"https:\/\/www.osteopathie-ulm.de\/index.php?rest_route=%2Fwp%2Fv2%2Fcomments&post=191"}],"version-history":[{"count":1,"href":"https:\/\/www.osteopathie-ulm.de\/index.php?rest_route=\/wp\/v2\/pages\/191\/revisions"}],"predecessor-version":[{"id":192,"href":"https:\/\/www.osteopathie-ulm.de\/index.php?rest_route=\/wp\/v2\/pages\/191\/revisions\/192"}],"wp:attachment":[{"href":"https:\/\/www.osteopathie-ulm.de\/index.php?rest_route=%2Fwp%2Fv2%2Fmedia&parent=191"}],"curies":[{"name":"wp","href":"https:\/\/api.w.org\/{rel}","templated":true}]}}